{"id":1351,"date":"2021-03-19T13:31:55","date_gmt":"2021-03-19T13:31:55","guid":{"rendered":"https:\/\/aktionvierviertel.ch\/?post_type=event&#038;p=1351"},"modified":"2023-06-19T10:13:04","modified_gmt":"2023-06-19T10:13:04","slug":"datum-in-medium-6","status":"publish","type":"event","link":"https:\/\/aktionvierviertel.ch\/fr\/event\/datum-in-medium-6\/","title":{"rendered":"DATUM in Medium"},"content":{"rendered":"\t\t<div data-elementor-type=\"wp-post\" data-elementor-id=\"1351\" class=\"elementor elementor-1351\" data-elementor-post-type=\"event\">\n\t\t\t\t\t\t<section class=\"has_ae_slider elementor-section elementor-top-section elementor-element elementor-element-52c9154 elementor-section-boxed elementor-section-height-default elementor-section-height-default ae-bg-gallery-type-default\" data-id=\"52c9154\" data-element_type=\"section\">\n\t\t\t\t\t\t<div class=\"elementor-container elementor-column-gap-default\">\n\t\t\t\t\t<div class=\"has_ae_slider elementor-column elementor-col-100 elementor-top-column elementor-element elementor-element-4450e4b ae-bg-gallery-type-default\" data-id=\"4450e4b\" data-element_type=\"column\">\n\t\t\t<div class=\"elementor-widget-wrap elementor-element-populated\">\n\t\t\t\t\t\t<div class=\"elementor-element elementor-element-755fb441 elementor-widget elementor-widget-text-editor\" data-id=\"755fb441\" data-element_type=\"widget\" data-widget_type=\"text-editor.default\">\n\t\t\t\t<div class=\"elementor-widget-container\">\n\t\t\t\t\t\t\t<p><!-- wp:paragraph --><\/p>\n<p>Das Verfahren zum Schweizer B\u00fcrgerrecht ist das strengste in Europa. Zudem zeigen Studien, dass das Schweizer B\u00fcrgerrecht in hohem Grad anf\u00e4llig auf Diskriminierung ist. Das Herkunftsland entscheidet \u00fcber den Einb\u00fcrgerungserfolg mehr als jedes andere Bewerbermerkmal. Der durchschnittliche Anteil der \u201cNein\u201d-Stimmen ist vor allem bei Bewerbern aus (dem ehemaligen) Jugoslawien und der T\u00fcrkei um etwa 40% h\u00f6her als bei Bewerbern aus den reicheren nord- und westeurop\u00e4ischen L\u00e4ndern, bei denen eine \u00c4hnlichkeit festzustellen ist.<\/p>\n<p>\u201cEditorial Use Only\u201d content is not cleared for commercial use. There are no exceptions to this restriction, so even religious, educational and nonprofit organizations must respect this important guidance.<\/p>\n<p>Lorem Ipsum is a simple demo text for the print and font industry. Lorem Ipsum has been the standard demo text in the industry since 1500, when an unknown writer took a handful of words and jumbled them up to create a sample book. Not only has it survived 5 centuries, but also made it into electronic font processing in Spruch (note, almost unchanged). It became known in 1960 with the appearance of \u201cLetraset\u201d, which contained passages from Lorem Ipsum, as well as desktop software such as \u201cAldus PageMaker\u201d \u2013 also with Lorem Ipsum.<\/p>\n<p><!-- \/wp:paragraph --><\/p>\t\t\t\t\t\t<\/div>\n\t\t\t\t<\/div>\n\t\t\t\t<div class=\"elementor-element elementor-element-7243b52 elementor-arrows-position-outside elementor-widget elementor-widget-image-carousel\" data-id=\"7243b52\" data-element_type=\"widget\" data-settings=\"{&quot;slides_to_show&quot;:&quot;2&quot;,&quot;slides_to_scroll&quot;:&quot;1&quot;,&quot;navigation&quot;:&quot;arrows&quot;,&quot;autoplay&quot;:&quot;no&quot;,&quot;infinite&quot;:&quot;no&quot;,&quot;slides_to_show_mobile&quot;:&quot;1&quot;,&quot;speed&quot;:500}\" data-widget_type=\"image-carousel.default\">\n\t\t\t\t<div class=\"elementor-widget-container\">\n\t\t\t\t\t<div class=\"elementor-image-carousel-wrapper swiper\" dir=\"ltr\">\n\t\t\t<div class=\"elementor-image-carousel swiper-wrapper\" aria-live=\"polite\">\n\t\t\t\t\t\t\t\t<div class=\"swiper-slide\" role=\"group\" aria-roledescription=\"slide\" aria-label=\"1 sur 2\"><a data-elementor-open-lightbox=\"yes\" data-elementor-lightbox-slideshow=\"7243b52\" data-elementor-lightbox-title=\"image-8\" data-e-action-hash=\"#elementor-action%3Aaction%3Dlightbox%26settings%3DeyJpZCI6MTMyOSwidXJsIjoiaHR0cHM6XC9cL2FrdGlvbnZpZXJ2aWVydGVsLmNoXC93cC1jb250ZW50XC91cGxvYWRzXC8yMDIxXC8wM1wvaW1hZ2UtOC5qcGciLCJzbGlkZXNob3ciOiI3MjQzYjUyIn0%3D\" href=\"https:\/\/aktionvierviertel.ch\/wp-content\/uploads\/2021\/03\/image-8.jpg\"><figure class=\"swiper-slide-inner\"><img decoding=\"async\" class=\"swiper-slide-image\" src=\"https:\/\/aktionvierviertel.ch\/wp-content\/uploads\/2021\/03\/image-8.jpg\" alt=\"Aktion Vierviertel Events\" \/><\/figure><\/a><\/div><div class=\"swiper-slide\" role=\"group\" aria-roledescription=\"slide\" aria-label=\"2 sur 2\"><a data-elementor-open-lightbox=\"yes\" data-elementor-lightbox-slideshow=\"7243b52\" data-elementor-lightbox-title=\"image2\" data-e-action-hash=\"#elementor-action%3Aaction%3Dlightbox%26settings%3DeyJpZCI6MTM1MiwidXJsIjoiaHR0cHM6XC9cL2FrdGlvbnZpZXJ2aWVydGVsLmNoXC93cC1jb250ZW50XC91cGxvYWRzXC8yMDIxXC8wM1wvaW1hZ2UyLmpwZyIsInNsaWRlc2hvdyI6IjcyNDNiNTIifQ%3D%3D\" href=\"https:\/\/aktionvierviertel.ch\/wp-content\/uploads\/2021\/03\/image2.jpg\"><figure class=\"swiper-slide-inner\"><img decoding=\"async\" class=\"swiper-slide-image\" src=\"https:\/\/aktionvierviertel.ch\/wp-content\/uploads\/2021\/03\/image2.jpg\" alt=\"Aktion Vierviertel Events\" \/><\/figure><\/a><\/div>\t\t\t<\/div>\n\t\t\t\t\t\t\t\t\t\t\t\t<div class=\"elementor-swiper-button elementor-swiper-button-prev\" role=\"button\" tabindex=\"0\">\n\t\t\t\t\t\t<i aria-hidden=\"true\" class=\"eicon-chevron-left\"><\/i>\t\t\t\t\t<\/div>\n\t\t\t\t\t<div class=\"elementor-swiper-button elementor-swiper-button-next\" role=\"button\" tabindex=\"0\">\n\t\t\t\t\t\t<i aria-hidden=\"true\" class=\"eicon-chevron-right\"><\/i>\t\t\t\t\t<\/div>\n\t\t\t\t\n\t\t\t\t\t\t\t\t\t<\/div>\n\t\t\t\t<\/div>\n\t\t\t\t<\/div>\n\t\t\t\t\t<\/div>\n\t\t<\/div>\n\t\t\t\t\t<\/div>\n\t\t<\/section>\n\t\t\t\t<\/div>\n\t\t","protected":false},"excerpt":{"rendered":"<p>Das Verfahren zum Schweizer B\u00fcrgerrecht ist das strengste in Europa. Zudem zeigen Studien, dass das Schweizer B\u00fcrgerrecht in hohem Grad anf\u00e4llig auf Diskriminierung ist. Das Herkunftsland entscheidet \u00fcber den Einb\u00fcrgerungserfolg mehr als jedes andere Bewerbermerkmal. Der durchschnittliche Anteil der \u201cNein\u201d-Stimmen ist vor allem bei Bewerbern aus (dem ehemaligen) Jugoslawien und der T\u00fcrkei um etwa 40% [&hellip;]<\/p>\n","protected":false},"author":4,"featured_media":0,"menu_order":35,"template":"","format":"standard","meta":{"_acf_changed":false},"kategorien":[20],"class_list":["post-1351","event","type-event","status-publish","format-standard","hentry","kategorien-archiv"],"acf":[],"_links":{"self":[{"href":"https:\/\/aktionvierviertel.ch\/fr\/wp-json\/wp\/v2\/event\/1351","targetHints":{"allow":["GET"]}}],"collection":[{"href":"https:\/\/aktionvierviertel.ch\/fr\/wp-json\/wp\/v2\/event"}],"about":[{"href":"https:\/\/aktionvierviertel.ch\/fr\/wp-json\/wp\/v2\/types\/event"}],"author":[{"embeddable":true,"href":"https:\/\/aktionvierviertel.ch\/fr\/wp-json\/wp\/v2\/users\/4"}],"version-history":[{"count":1,"href":"https:\/\/aktionvierviertel.ch\/fr\/wp-json\/wp\/v2\/event\/1351\/revisions"}],"predecessor-version":[{"id":7318,"href":"https:\/\/aktionvierviertel.ch\/fr\/wp-json\/wp\/v2\/event\/1351\/revisions\/7318"}],"wp:attachment":[{"href":"https:\/\/aktionvierviertel.ch\/fr\/wp-json\/wp\/v2\/media?parent=1351"}],"wp:term":[{"taxonomy":"kategorien","embeddable":true,"href":"https:\/\/aktionvierviertel.ch\/fr\/wp-json\/wp\/v2\/kategorien?post=1351"}],"curies":[{"name":"wp","href":"https:\/\/api.w.org\/{rel}","templated":true}]}}

<div data-elementor-type="wp-post" data-elementor-id="1351" class="elementor elementor-1351" data-elementor-post-type="event">
						<section class="has_ae_slider elementor-section elementor-top-section elementor-element elementor-element-52c9154 elementor-section-boxed elementor-section-height-default elementor-section-height-default ae-bg-gallery-type-default" data-id="52c9154" data-element_type="section">
						<div class="elementor-container elementor-column-gap-default">
					<div class="has_ae_slider elementor-column elementor-col-100 elementor-top-column elementor-element elementor-element-4450e4b ae-bg-gallery-type-default" data-id="4450e4b" data-element_type="column">
			<div class="elementor-widget-wrap elementor-element-populated">
						<div class="elementor-element elementor-element-755fb441 elementor-widget elementor-widget-text-editor" data-id="755fb441" data-element_type="widget" data-widget_type="text-editor.default">
				<div class="elementor-widget-container">
							<p><!-- wp:paragraph --></p>
<p>Das Verfahren zum Schweizer Bürgerrecht ist das strengste in Europa. Zudem zeigen Studien, dass das Schweizer Bürgerrecht in hohem Grad anfällig auf Diskriminierung ist. Das Herkunftsland entscheidet über den Einbürgerungserfolg mehr als jedes andere Bewerbermerkmal. Der durchschnittliche Anteil der “Nein”-Stimmen ist vor allem bei Bewerbern aus (dem ehemaligen) Jugoslawien und der Türkei um etwa 40% höher als bei Bewerbern aus den reicheren nord- und westeuropäischen Ländern, bei denen eine Ähnlichkeit festzustellen ist.</p>
<p>“Editorial Use Only” content is not cleared for commercial use. There are no exceptions to this restriction, so even religious, educational and nonprofit organizations must respect this important guidance.</p>
<p>Lorem Ipsum is a simple demo text for the print and font industry. Lorem Ipsum has been the standard demo text in the industry since 1500, when an unknown writer took a handful of words and jumbled them up to create a sample book. Not only has it survived 5 centuries, but also made it into electronic font processing in Spruch (note, almost unchanged). It became known in 1960 with the appearance of “Letraset”, which contained passages from Lorem Ipsum, as well as desktop software such as “Aldus PageMaker” – also with Lorem Ipsum.</p>
<p><!-- /wp:paragraph --></p>						</div>
				</div>
				<div class="elementor-element elementor-element-7243b52 elementor-arrows-position-outside elementor-widget elementor-widget-image-carousel" data-id="7243b52" data-element_type="widget" data-settings="{&quot;slides_to_show&quot;:&quot;2&quot;,&quot;slides_to_scroll&quot;:&quot;1&quot;,&quot;navigation&quot;:&quot;arrows&quot;,&quot;autoplay&quot;:&quot;no&quot;,&quot;infinite&quot;:&quot;no&quot;,&quot;slides_to_show_mobile&quot;:&quot;1&quot;,&quot;speed&quot;:500}" data-widget_type="image-carousel.default">
				<div class="elementor-widget-container">
					<div class="elementor-image-carousel-wrapper swiper" dir="ltr">
			<div class="elementor-image-carousel swiper-wrapper" aria-live="polite">
								<div class="swiper-slide" role="group" aria-roledescription="slide" aria-label="1 sur 2"><a data-elementor-open-lightbox="yes" data-elementor-lightbox-slideshow="7243b52" data-elementor-lightbox-title="image-8" data-e-action-hash="#elementor-action%3Aaction%3Dlightbox%26settings%3DeyJpZCI6MTMyOSwidXJsIjoiaHR0cHM6XC9cL2FrdGlvbnZpZXJ2aWVydGVsLmNoXC93cC1jb250ZW50XC91cGxvYWRzXC8yMDIxXC8wM1wvaW1hZ2UtOC5qcGciLCJzbGlkZXNob3ciOiI3MjQzYjUyIn0%3D" href="https://aktionvierviertel.ch/wp-content/uploads/2021/03/image-8.jpg"><figure class="swiper-slide-inner"><img decoding="async" class="swiper-slide-image" src="https://aktionvierviertel.ch/wp-content/uploads/2021/03/image-8.jpg" alt="Aktion Vierviertel Events" /></figure></a></div><div class="swiper-slide" role="group" aria-roledescription="slide" aria-label="2 sur 2"><a data-elementor-open-lightbox="yes" data-elementor-lightbox-slideshow="7243b52" data-elementor-lightbox-title="image2" data-e-action-hash="#elementor-action%3Aaction%3Dlightbox%26settings%3DeyJpZCI6MTM1MiwidXJsIjoiaHR0cHM6XC9cL2FrdGlvbnZpZXJ2aWVydGVsLmNoXC93cC1jb250ZW50XC91cGxvYWRzXC8yMDIxXC8wM1wvaW1hZ2UyLmpwZyIsInNsaWRlc2hvdyI6IjcyNDNiNTIifQ%3D%3D" href="https://aktionvierviertel.ch/wp-content/uploads/2021/03/image2.jpg"><figure class="swiper-slide-inner"><img decoding="async" class="swiper-slide-image" src="https://aktionvierviertel.ch/wp-content/uploads/2021/03/image2.jpg" alt="Aktion Vierviertel Events" /></figure></a></div>			</div>
												<div class="elementor-swiper-button elementor-swiper-button-prev" role="button" tabindex="0">
						<i aria-hidden="true" class="eicon-chevron-left"></i>					</div>
					<div class="elementor-swiper-button elementor-swiper-button-next" role="button" tabindex="0">
						<i aria-hidden="true" class="eicon-chevron-right"></i>					</div>
				
									</div>
				</div>
				</div>
					</div>
		</div>
					</div>
		</section>
				</div>

<p>Das Verfahren zum Schweizer Bürgerrecht ist das strengste in Europa. Zudem zeigen Studien, dass das Schweizer Bürgerrecht in hohem Grad anfällig auf Diskriminierung ist. Das Herkunftsland entscheidet über den Einbürgerungserfolg mehr als jedes andere Bewerbermerkmal. Der durchschnittliche Anteil der “Nein”-Stimmen ist vor allem bei Bewerbern aus (dem ehemaligen) Jugoslawien und der Türkei um etwa 40% [&hellip;]</p>
