{"id":7758,"date":"2024-03-05T06:28:09","date_gmt":"2024-03-05T06:28:09","guid":{"rendered":"https:\/\/www.aktionvierviertel.ch\/?post_type=event&#038;p=7758"},"modified":"2024-03-05T06:28:09","modified_gmt":"2024-03-05T06:28:09","slug":"die-wundersame-verwandlung-der-arbeiterklasse-in-auslaender","status":"publish","type":"event","link":"https:\/\/aktionvierviertel.ch\/fr\/event\/die-wundersame-verwandlung-der-arbeiterklasse-in-auslaender\/","title":{"rendered":"DIE WUNDERSAME VERWANDLUNG DER ARBEITERKLASSE IN AUSL\u00c4NDER"},"content":{"rendered":"\r\n\r\n<img fetchpriority=\"high\" decoding=\"async\" class=\"size-medium wp-image-7759 alignnone\" src=\"https:\/\/aktionvierviertel.ch\/wp-content\/uploads\/2024\/03\/MicrosoftTeams-image-12-300x300.jpg\" alt=\"\" width=\"300\" height=\"300\" srcset=\"https:\/\/aktionvierviertel.ch\/wp-content\/uploads\/2024\/03\/MicrosoftTeams-image-12-300x300.jpg 300w, https:\/\/aktionvierviertel.ch\/wp-content\/uploads\/2024\/03\/MicrosoftTeams-image-12-1024x1024.jpg 1024w, https:\/\/aktionvierviertel.ch\/wp-content\/uploads\/2024\/03\/MicrosoftTeams-image-12-150x150.jpg 150w, https:\/\/aktionvierviertel.ch\/wp-content\/uploads\/2024\/03\/MicrosoftTeams-image-12-768x768.jpg 768w, https:\/\/aktionvierviertel.ch\/wp-content\/uploads\/2024\/03\/MicrosoftTeams-image-12-12x12.jpg 12w, https:\/\/aktionvierviertel.ch\/wp-content\/uploads\/2024\/03\/MicrosoftTeams-image-12.jpg 1080w\" sizes=\"(max-width: 300px) 100vw, 300px\" \/>\r\n\r\nDIE WUNDERSAME VERWANDLUNG DER ARBEITERKLASSE IN AUSL\u00c4NDER (Biel\/Bienne)\r\nFilmemacher Samir zeigt exklusiv Ausschnitte aus seinem neuen Dok-Film\r\n<em>DIE WUNDERSAME VERWANDLUNG DER ARBEITERKLASSE IN AUSL\u00c4NDER<\/em>\r\nDas Lokalkomitee Biel f\u00fcr die Demokratie-Initiative l\u00e4dt zum anschliessenden Gespr\u00e4ch zu Migration, Arbeit und Demokratie ein mit Anna Tanner &#8211; Grossr\u00e4tin und Stadtr\u00e4tin SP Biel,\r\nManuela Honegger Heller &#8211; Lokalkomitee Neuch\u00e2tel f\u00fcr die Demokratie-Initiative und Samir &#8211; Filmemacher.\r\n\r\n \r\n\r\nFreier Eintritt, Kollekte\r\nAlle sind willkommen &#8211; der Anlass ist Bilingue, Untertitel und Diskussion auf Deutsch und Franz\u00f6sisch\r\n\r\n\r\n\r\n","protected":false},"excerpt":{"rendered":"<p>DIE WUNDERSAME VERWANDLUNG DER ARBEITERKLASSE IN AUSL\u00c4NDER (Biel\/Bienne) Filmemacher Samir zeigt exklusiv Ausschnitte aus seinem neuen Dok-Film DIE WUNDERSAME VERWANDLUNG DER ARBEITERKLASSE IN AUSL\u00c4NDER Das Lokalkomitee Biel f\u00fcr die Demokratie-Initiative l\u00e4dt zum anschliessenden Gespr\u00e4ch zu Migration, Arbeit und Demokratie ein mit Anna Tanner &#8211; Grossr\u00e4tin und Stadtr\u00e4tin SP Biel, Manuela Honegger Heller &#8211; Lokalkomitee Neuch\u00e2tel [&hellip;]<\/p>\n","protected":false},"author":5,"featured_media":7759,"menu_order":1,"template":"","format":"standard","meta":{"_acf_changed":false},"kategorien":[19],"class_list":["post-7758","event","type-event","status-publish","format-standard","has-post-thumbnail","hentry","kategorien-aktuell"],"acf":[],"_links":{"self":[{"href":"https:\/\/aktionvierviertel.ch\/fr\/wp-json\/wp\/v2\/event\/7758","targetHints":{"allow":["GET"]}}],"collection":[{"href":"https:\/\/aktionvierviertel.ch\/fr\/wp-json\/wp\/v2\/event"}],"about":[{"href":"https:\/\/aktionvierviertel.ch\/fr\/wp-json\/wp\/v2\/types\/event"}],"author":[{"embeddable":true,"href":"https:\/\/aktionvierviertel.ch\/fr\/wp-json\/wp\/v2\/users\/5"}],"version-history":[{"count":1,"href":"https:\/\/aktionvierviertel.ch\/fr\/wp-json\/wp\/v2\/event\/7758\/revisions"}],"predecessor-version":[{"id":7760,"href":"https:\/\/aktionvierviertel.ch\/fr\/wp-json\/wp\/v2\/event\/7758\/revisions\/7760"}],"wp:featuredmedia":[{"embeddable":true,"href":"https:\/\/aktionvierviertel.ch\/fr\/wp-json\/wp\/v2\/media\/7759"}],"wp:attachment":[{"href":"https:\/\/aktionvierviertel.ch\/fr\/wp-json\/wp\/v2\/media?parent=7758"}],"wp:term":[{"taxonomy":"kategorien","embeddable":true,"href":"https:\/\/aktionvierviertel.ch\/fr\/wp-json\/wp\/v2\/kategorien?post=7758"}],"curies":[{"name":"wp","href":"https:\/\/api.w.org\/{rel}","templated":true}]}}

DIE WUNDERSAME VERWANDLUNG DER ARBEITERKLASSE IN AUSLÄNDER

<img fetchpriority="high" decoding="async" class="size-medium wp-image-7759 alignnone" src="https://aktionvierviertel.ch/wp-content/uploads/2024/03/MicrosoftTeams-image-12-300x300.jpg" alt="" width="300" height="300" srcset="https://aktionvierviertel.ch/wp-content/uploads/2024/03/MicrosoftTeams-image-12-300x300.jpg 300w, https://aktionvierviertel.ch/wp-content/uploads/2024/03/MicrosoftTeams-image-12-1024x1024.jpg 1024w, https://aktionvierviertel.ch/wp-content/uploads/2024/03/MicrosoftTeams-image-12-150x150.jpg 150w, https://aktionvierviertel.ch/wp-content/uploads/2024/03/MicrosoftTeams-image-12-768x768.jpg 768w, https://aktionvierviertel.ch/wp-content/uploads/2024/03/MicrosoftTeams-image-12-12x12.jpg 12w, https://aktionvierviertel.ch/wp-content/uploads/2024/03/MicrosoftTeams-image-12.jpg 1080w" sizes="(max-width: 300px) 100vw, 300px" />

DIE WUNDERSAME VERWANDLUNG DER ARBEITERKLASSE IN AUSLÄNDER (Biel/Bienne)
Filmemacher Samir zeigt exklusiv Ausschnitte aus seinem neuen Dok-Film
<em>DIE WUNDERSAME VERWANDLUNG DER ARBEITERKLASSE IN AUSLÄNDER</em>
Das Lokalkomitee Biel für die Demokratie-Initiative lädt zum anschliessenden Gespräch zu Migration, Arbeit und Demokratie ein mit Anna Tanner &#8211; Grossrätin und Stadträtin SP Biel,
Manuela Honegger Heller &#8211; Lokalkomitee Neuchâtel für die Demokratie-Initiative und Samir &#8211; Filmemacher.

 

Freier Eintritt, Kollekte
Alle sind willkommen &#8211; der Anlass ist Bilingue, Untertitel und Diskussion auf Deutsch und Französisch

<p>DIE WUNDERSAME VERWANDLUNG DER ARBEITERKLASSE IN AUSLÄNDER (Biel/Bienne) Filmemacher Samir zeigt exklusiv Ausschnitte aus seinem neuen Dok-Film DIE WUNDERSAME VERWANDLUNG DER ARBEITERKLASSE IN AUSLÄNDER Das Lokalkomitee Biel für die Demokratie-Initiative lädt zum anschliessenden Gespräch zu Migration, Arbeit und Demokratie ein mit Anna Tanner &#8211; Grossrätin und Stadträtin SP Biel, Manuela Honegger Heller &#8211; Lokalkomitee Neuchâtel [&hellip;]</p>
